0)/9 - -4)*-6 - -3596. Let i = y - 2279. Is i a composite number?
True
Suppose 5*f + 5*j = 731955, -131*f = -126*f - 4*j - 732027. Is f composite?
True
Suppose -22*u - 53 + 141 = 0. Let q(y) = 431*y**2 - 2*y + 25. Is q(u) prime?
False
Let a(g) = 746*g**2 - g - 17. Is a(6) a composite number?
False
Let q = 293 + -202. Let n = q - -279. Let g = n + 1153. Is g prime?
True
Let q(f) = -f**2 - 3*f + 14. Let p be q(4). Let a = p + 10. Is -641*1/(-5 - a) composite?
False
Suppose -774156 = -10*i + 1903453 + 598281. Is i prime?
False
Suppose 3*b = 2*t + 2*t - 39, -3*b - 48 = -5*t. Suppose -7*a + t*a - 824 = 0. Suppose 5*i + 25 = 0, 3*i + 2*i = 3*x - a. Is x a prime number?
False
Let g(q) = q**3 - q**2 + 2*q - 5. Let l be g(2). Suppose l*i = 3*k - 2166, -45*i = 5*k - 48*i - 3604. Is k composite?
False
Let h(o) = 2*o**3 - 18*o**2 - 8*o + 22. Let b be h(9). Is (-81830)/b + (-2)/(-5) + 0 composite?
False
Suppose 5*z - 1222869 = 23*a - 19*a, -2*z - 3*a + 489143 = 0. Is z composite?
True
Let f(o) = 17*o**2 - 9. Let l(x) = -x - 1. Let b(j) = f(j) - 6*l(j). Suppose c - 4*g = 20, -c = 3*g - 0*g + 8. Is b(c) prime?
True
Let r(d) = -15*d - 8*d + 1 - 5*d + d + 9*d + 14*d**2. Is r(-8) a composite number?
True
Suppose -332 = -5*h + b, -50 = -h + 4*b + 24. Suppose 128 = -4*d + 3*f, 2*f - 49 = -d - 70. Let v = h + d. Is v composite?
False
Let h = -47 + 53. Let n be 6/(-18) + 1892/h. Is (n - 2/(-2)) + -4 + 7 a prime number?
False
Let j(a) = 14*a + 8. Let z be j(-5). Let k = 66 + z. Is k - (-46)/(-11) - (-8298)/22 prime?
False
Suppose -m - 392065 = -18*m - 2*m. Is m prime?
False
Let o = -932 + 78. Let i = o + 2025. Is i a composite number?
False
Suppose -18*n + 3268 = -20*n. Let b = -123 - n. Is b a composite number?
False
Let k = 6507 - 4084. Let z = k - -1998. Is z a prime number?
True
Let o(x) = -73*x**2 - 5*x - 3. Let a be o(-6). Let d(u) = 1030*u + 174. Let b be d(5). Let c = a + b. Is c prime?
False
Suppose -12 = -0*j + 3*j, 6 = -5*p + j. Let b(l) = 1258*l**2 + l + 1. Let k be b(p). Suppose -4*u + i = -k, -3*u + 3767 = 2*i - 4*i. Is u a composite number?
False
Let y be 76/(((-2 - 1) + 2)/1). Is (-85025)/y + (-2)/(-8) composite?
True
Let w(l) = 615*l**2 - 2*l - 6. Let o be w(-3). Suppose -2*h + 2*u + o = u, 0 = 5*h - u - 13836. Is h prime?
True
Let p be -14*(-7)/(-98)*-2. Is (-7574)/(-70)*5*(p + 1) composite?
True
Suppose -670 = -z + 5*b, b + 28 - 31 = 0. Let l = -381 + 115. Let c = l + z. Is c prime?
True
Let i = 9560 - 4522. Suppose -w + i = w - 4*r, 4*w - 5*r - 10073 = 0. Is w a prime number?
False
Let q(p) = -19705*p - 1484. Is q(-13) a prime number?
False
Is 9238/(-465)*10/(-4)*(1040 + 1) composite?
True
Suppose 17*c - 249 - 227 = 0. Suppose 0 = -20*x + c*x - 80. Suppose -7746 = -x*l + 11464. Is l a prime number?
False
Let b be 0 - (-2 + 1 + 1059). Let w = 6670 + b. Let c = w + -3697. Is c a prime number?
False
Let w(t) = -711*t - 268. Suppose 0 = 5*b - 16 + 11, 0 = 2*n + 2*b + 64. Is w(n) a prime number?
False
Let m be 52/(-39) - (-367134)/18. Suppose -7*q + m + 30264 = 0. Is q a composite number?
False
Let i(g) = -g**3 - 4*g**2 - 2*g. Let o be i(-3). Let a be 1*(2 + o)/((-1)/1713). Suppose 0 = 11*h - 3446 - a. Is h prime?
False
Let r(f) = 11*f + 4. Let y be r(-4). Let z be (-4)/(-16) + y/32. Is 1038 + (0 + z - (15 + -17)) composite?
False
Suppose 0 = h - 3*y - 5, -3*h + 10 = -2*y + 2. Suppose -6 = -3*k + 3*o, 2*k - 2*o = 3*k - 5. Suppose k*p - 4895 = -h*p. Is p composite?
True
Let r = 99433 - 19136. Is r composite?
True
Let t(u) = 1829*u**3 - 10*u - 4. Let a(q) = 3658*q**3 - 21*q - 8. Let p(b) = 6*a(b) - 13*t(b). Is p(-1) prime?
False
Is ((-537263)/38)/(1/(-4)*2) a prime number?
True
Suppose 5*n + 34 = 3*c - 0*n, -n - 5 = 0. Let k = -17 + 18. Is c/(4 - k) - -30 a composite number?
False
Suppose 7*k - 2 = 9*k, 5*k + 78349 = b. Suppose 79*r + b = 87*r. Is r composite?
True
Is 29/(1885/(-71578))*30/(-4) composite?
True
Let h = 51 + -48. Let a(w) = 6*w - 4. Let z be a(h). Suppose -z*y + y = -13897. Is y composite?
False
Let k = -90472 + 288551. Is k composite?
True
Let x = -12273 - -7789. Let b = -1669 - x. Is b a prime number?
False
Suppose -8*t + 24 = -5*t. Suppose -9*l + t = -8*l. Suppose -4*q - l*q + 7332 = 0. Is q a prime number?
False
Let o(q) = 5*q - 26. Let m be o(8). Suppose 20*j - 11244 = m*j. Suppose -535 = -y - 3*b - 153, 5*y = -3*b + j. Is y composite?
False
Suppose 4*t = 5*m, 0 = -4*m + t + 16 - 5. Suppose 4*d - 5*d = 3, -5*o = -m*d - 110347. Is o a composite number?
False
Suppose -5*v + 724055 = -o + 6*o, 0 = 2*o - 5*v - 289622. Is o prime?
False
Let k(g) = 434*g**3 - 8*g**2 + 8*g + 5. Let j be k(3). Suppose -5*o = 5*y - j, -3*o + 6*o + 9326 = 4*y. Is y a prime number?
True
Let q = 14643 + 21615. Suppose -q = 196*w - 202*w. Is w a prime number?
True
Let j = -249 + 254. Suppose 3*g + s - 3123 = j*s, -3*s = -4*g + 4157. Is g composite?
True
Let k(x) = 15*x + 11. Let c be k(1). Let l(y) = 100*y + 161. Is l(c) a composite number?
True
Suppose 144*w - 140*w - 2676 = 0. Is w a composite number?
True
Let z(m) be the first derivative of 401*m**2 - 11*m - 25. Is z(3) a prime number?
False
Suppose -5*v - 19 = 3*i, 2*i - 3 = -5*v - 24. Suppose 3*s - i = s - b, s + b + 1 = 0. Suppose -2*k + k + 122 = r, -358 = -s*r + 5*k. Is r composite?
True
Let v(y) = -8019*y + 13. Is v(-134) a composite number?
False
Let b = -13918 - -25277. Is b prime?
False
Suppose 3*p - 4*n - 240901 = 0, -390*p + 391*p - n - 80300 = 0. Is p a prime number?
False
Suppose 165*m - 327*m = -164*m + 4. Suppose 5*y + 0*y + x = 19, -11 = -5*y + x. Suppose -631 = -h + 2*n, m*h - 1234 = -0*h - y*n. Is h composite?
True
Let g(i) = -5*i**2 - i**2 - i**2 - 56 + i**2 + 68 + 58*i**3 - 3*i. Is g(5) a prime number?
False
Let j be 46/(-4)*(-4)/(-3)*-12. Is -2 + j + (-7 - -3) a composite number?
True
Let n(v) = -10*v**2 + 15*v - 72. Let u(p) = -p**2 + 1. Let c(r) = -n(r) + 4*u(r). Is c(-9) composite?
True
Suppose 1000742 = 4*m - 2*a, -183*m + 5*a = -185*m + 500377. Is m composite?
True
Let x be 0/2 + (-23 - 3). Let n = -21 - x. Suppose -492 = -n*b + 233. Is b composite?
True
Let j = 201 + -197. Suppose -28*h + j*h + 18024 = 0. Is h a prime number?
True
Suppose -5*h - 20 - 15 = 5*x, 2*x - 4*h = 10. Let q = 18 + -26. Is 11538/4 + x + (-28)/q a prime number?
False
Let r(b) = -13*b**3 - 111*b**2 + 93*b - 18. Let x(l) = -7*l**3 - 56*l**2 + 47*l - 7. Let z(j) = 6*r(j) - 11*x(j). Is z(-51) a composite number?
False
Let t be -72*(-2)/4*(-36)/(-54). Suppose -49*h + t*h + 471475 = 0. Is h a prime number?
True
Suppose -3*d - 43 = -2*k, 0 = 4*k - d - 0*d - 81. Let o be 56/(-10) + (-8)/k. Is (-641)/(2*3/o) a prime number?
True
Suppose 3*v - 2540163 = -4*i, 5*i - 706218 = -3*v + 1833945. Is v prime?
True
Suppose -h + 4*h = -2*w - 2, 39 = -5*w + h. Let a(p) = 6*p + 15. Let y be a(w). Let o = 48 + y. Is o a prime number?
False
Let v = 34143 - 18292. Let d = -3523 + v. Suppose -7*b + d = b. Is b prime?
False
Let o be (-199 - -5) + 4 + -6. Let r = 2189 + o. Let d = r - 804. Is d a composite number?
True
Let t be (-9 + 7)*6/(-4). Suppose 3*i = -t*r - 2*i + 4456, r + 5*i = 1502. Suppose -9*o + r = -4526. Is o prime?
False
Let m(f) = 56*f + 3. Let u = -57 - -53. Let n be -1 + 1 - (64/2)/u. Is m(n) prime?
False
Let k(h) = -7*h + 0*h + 4*h - 55*h**3 - 4 - 3*h**2 + 0*h**2. Let s be k(-3). Suppose -y = -s - 1394. Is y prime?
True
Let g = 9607 + -4726. Let y = 7155 - g. Let s = 3755 - y. Is s a prime number?
True
Suppose -8*h + 332065 = 27161. Is h a composite number?
False
Suppose -22*w + 17500 = 4*z - 18*w, 2*w - 4373 = -z. Suppose -k + 2680 + z = 0. Is k composite?
False
Let c(s) = 17*s + 18. Let j be c(-10). Let k be j/(-57) - (-2)/12*2. Suppose 5*r = d + 5219, -k*r = -0*r + 5*d - 3109. Is r prime?
False
Let i be (-2)/10 + 3 + 13646/5. Let o = i - 1607. Suppose -3*z + 4*k + o + 1074 = 0, 0 = -4*z - k + 2951. Is z prime?
False
Let g be (16/(-4) + 11)*3. Suppose -g*b + 20*b = -2, 5*n - 37545 = -5*b. Is n prime?
True
Suppose 54*q = 38*q + 303504. Is q a prime number?
False
Let f(t) = 13*t**2 + 530*t + 20. Is f(-83) prime?
True
Suppose 4*n - 22539 = 261845. Suppose 78*z = 86*z - n. Is z prime?
True
Suppose -16*o + 8*o = -40. Suppose 3*y = -4*m + 5051 + 1565, o*y = 5*m - 8305. Is m composite?
False
Let g(a) = 10*a**2 + 35*a - 